{"id":5985,"date":"2025-09-21T21:05:30","date_gmt":"2025-09-21T21:05:30","guid":{"rendered":"https:\/\/nutripelletsec.com\/inicio\/?post_type=product&#038;p=5985"},"modified":"2025-09-21T21:10:56","modified_gmt":"2025-09-21T21:10:56","slug":"5985","status":"publish","type":"product","link":"https:\/\/nutripelletsec.com\/inicio\/index.php\/producto\/5985\/","title":{"rendered":"FORTISTAR"},"content":{"rendered":"<div class=\"info_producto-fila padding-pagina\">\n<div class=\"info_producto_col-general\">\n<h4>Periodo<\/h4>\n<p>Alimentar las 3 primeras semanas de vida.<\/p>\n<h4>Recomendaciones de uso<\/h4>\n<p>&nbsp;<\/p>\n<p>Ofrecer a libre acceso.<\/p>\n<p>&nbsp;<\/p>\n<h4>Tipo<\/h4>\n<p>Peletizado.<\/p>\n<p><img fetchpriority=\"high\" decoding=\"async\" class=\"alignright\" src=\"https:\/\/elgallodegallos.com\/assets\/img\/sacos\/pallet-pelea-startina-161d38928afe4b.png\" alt=\"Pelea Startina 1\" width=\"272\" height=\"272\" \/><\/p>\n<h4>Presentaciones<\/h4>\n<p>10 kg y 25 kg<\/p>\n<\/div>\n<\/div>\n<div class=\"info_prducto-footer\">\n<div class=\"info_producto_footer-descripcion\">\n<h4>Para gallos con futuro.<\/h4>\n<p>&nbsp;<\/p>\n<p>A\u00a0los mejores gallos los define un buen comienzo.<\/p>\n<p><sub><span style=\"font-size: 16px;\">FORTISTAR<\/span>\u00ae<\/sub>\u00a0es un alimento dise\u00f1ado con el tama\u00f1o de part\u00edcula ideal para esta etapa, para darle a tus aves el mejor comienzo. Su f\u00f3rmula ayuda al desarrollo adecuado del tracto digestivo y el sistema inmunol\u00f3gico, para gallos m\u00e1s fuertes y saludables.<\/p>\n<\/div>\n<\/div>\n","protected":false},"excerpt":{"rendered":"<ul>\n<li>Obtienes mayor protecci\u00f3n contra enfermedades y reducci\u00f3n de la mortalidad de los pollos.<\/li>\n<li>Obtienes un mejor crecimiento.<\/li>\n<li>Mejoras la salud intestinal de tus pollos, su f\u00f3rmula est\u00e1 dise\u00f1ada para obtener el m\u00e1ximo aprovechamiento de los nutrientes.<\/li>\n<li>Reduces el estr\u00e9s de tus pollos y la posibilidad de picaje.<\/li>\n<li>Control de coccidia.<\/li>\n<\/ul>\n<h4>Caracter\u00edsticas y beneficios<\/h4>\n<div class=\"contenedor_producto-caracteristicas\">\n<ul>\n<li>Obtienes mayor protecci\u00f3n contra enfermedades y reducci\u00f3n de la mortalidad de los pollos.<\/li>\n<li>Obtienes un mejor crecimiento.<\/li>\n<li>Mejoras la salud intestinal de tus pollos, su f\u00f3rmula est\u00e1 dise\u00f1ada para obtener el m\u00e1ximo aprovechamiento de los nutrientes.<\/li>\n<li>Reduces el estr\u00e9s de tus pollos y la posibilidad de picaje.<\/li>\n<li>Control de coccidia.<\/li>\n<\/ul>\n<\/div>\n","protected":false},"featured_media":5991,"comment_status":"open","ping_status":"closed","template":"","meta":[],"product_brand":[],"product_cat":[84],"product_tag":[],"class_list":{"0":"post-5985","1":"product","2":"type-product","3":"status-publish","4":"has-post-thumbnail","6":"product_cat-fortibalance","7":"nt-post-class","8":"","17":"first","18":"instock","19":"shipping-taxable","20":"purchasable","21":"product-type-variable"},"yoast_head":"<!-- This site is optimized with the Yoast SEO plugin v27.5 - https:\/\/yoast.com\/product\/yoast-seo-wordpress\/ -->\n<title>FORTISTAR - nutripellets<\/title>\n<meta name=\"robots\" content=\"index, follow, max-snippet:-1, max-image-preview:large, max-video-preview:-1\" \/>\n<link rel=\"canonical\" href=\"https:\/\/nutripelletsec.com\/inicio\/index.php\/producto\/5985\/\" \/>\n<meta property=\"og:locale\" content=\"es_ES\" \/>\n<meta property=\"og:type\" content=\"article\" \/>\n<meta property=\"og:title\" content=\"FORTISTAR - nutripellets\" \/>\n<meta property=\"og:description\" content=\"Obtienes mayor protecci\u00f3n contra enfermedades y reducci\u00f3n de la mortalidad de los pollos.  Obtienes un mejor crecimiento.  Mejoras la salud intestinal de tus pollos, su f\u00f3rmula est\u00e1 dise\u00f1ada para obtener el m\u00e1ximo aprovechamiento de los nutrientes.  Reduces el estr\u00e9s de tus pollos y la posibilidad de picaje.  Control de coccidia.  Caracter\u00edsticas y beneficios    Obtienes mayor protecci\u00f3n contra enfermedades y reducci\u00f3n de la mortalidad de los pollos.  Obtienes un mejor crecimiento.  Mejoras la salud intestinal de tus pollos, su f\u00f3rmula est\u00e1 dise\u00f1ada para obtener el m\u00e1ximo aprovechamiento de los nutrientes.  Reduces el estr\u00e9s de tus pollos y la posibilidad de picaje.  Control de coccidia.\" \/>\n<meta property=\"og:url\" content=\"https:\/\/nutripelletsec.com\/inicio\/index.php\/producto\/5985\/\" \/>\n<meta property=\"og:site_name\" content=\"nutripellets\" \/>\n<meta property=\"article:modified_time\" content=\"2025-09-21T21:10:56+00:00\" \/>\n<meta property=\"og:image\" content=\"https:\/\/nutripelletsec.com\/inicio\/wp-content\/uploads\/2025\/09\/FORTIBALANCE-NUTRIESTAR.png\" \/>\n\t<meta property=\"og:image:width\" content=\"500\" \/>\n\t<meta property=\"og:image:height\" content=\"500\" \/>\n\t<meta property=\"og:image:type\" content=\"image\/png\" \/>\n<meta name=\"twitter:card\" content=\"summary_large_image\" \/>\n<meta name=\"twitter:label1\" content=\"Tiempo de lectura\" \/>\n\t<meta name=\"twitter:data1\" content=\"1 minuto\" \/>\n<script type=\"application\/ld+json\" class=\"yoast-schema-graph\">{\"@context\":\"https:\\\/\\\/schema.org\",\"@graph\":[{\"@type\":\"WebPage\",\"@id\":\"https:\\\/\\\/nutripelletsec.com\\\/inicio\\\/index.php\\\/producto\\\/5985\\\/\",\"url\":\"https:\\\/\\\/nutripelletsec.com\\\/inicio\\\/index.php\\\/producto\\\/5985\\\/\",\"name\":\"FORTISTAR - nutripellets\",\"isPartOf\":{\"@id\":\"https:\\\/\\\/nutripelletsec.com\\\/inicio\\\/#website\"},\"primaryImageOfPage\":{\"@id\":\"https:\\\/\\\/nutripelletsec.com\\\/inicio\\\/index.php\\\/producto\\\/5985\\\/#primaryimage\"},\"image\":{\"@id\":\"https:\\\/\\\/nutripelletsec.com\\\/inicio\\\/index.php\\\/producto\\\/5985\\\/#primaryimage\"},\"thumbnailUrl\":\"https:\\\/\\\/nutripelletsec.com\\\/inicio\\\/wp-content\\\/uploads\\\/2025\\\/09\\\/FORTIBALANCE-NUTRIESTAR.png\",\"datePublished\":\"2025-09-21T21:05:30+00:00\",\"dateModified\":\"2025-09-21T21:10:56+00:00\",\"breadcrumb\":{\"@id\":\"https:\\\/\\\/nutripelletsec.com\\\/inicio\\\/index.php\\\/producto\\\/5985\\\/#breadcrumb\"},\"inLanguage\":\"es\",\"potentialAction\":[{\"@type\":\"ReadAction\",\"target\":[\"https:\\\/\\\/nutripelletsec.com\\\/inicio\\\/index.php\\\/producto\\\/5985\\\/\"]}]},{\"@type\":\"ImageObject\",\"inLanguage\":\"es\",\"@id\":\"https:\\\/\\\/nutripelletsec.com\\\/inicio\\\/index.php\\\/producto\\\/5985\\\/#primaryimage\",\"url\":\"https:\\\/\\\/nutripelletsec.com\\\/inicio\\\/wp-content\\\/uploads\\\/2025\\\/09\\\/FORTIBALANCE-NUTRIESTAR.png\",\"contentUrl\":\"https:\\\/\\\/nutripelletsec.com\\\/inicio\\\/wp-content\\\/uploads\\\/2025\\\/09\\\/FORTIBALANCE-NUTRIESTAR.png\",\"width\":500,\"height\":500},{\"@type\":\"BreadcrumbList\",\"@id\":\"https:\\\/\\\/nutripelletsec.com\\\/inicio\\\/index.php\\\/producto\\\/5985\\\/#breadcrumb\",\"itemListElement\":[{\"@type\":\"ListItem\",\"position\":1,\"name\":\"Portada\",\"item\":\"https:\\\/\\\/nutripelletsec.com\\\/inicio\\\/\"},{\"@type\":\"ListItem\",\"position\":2,\"name\":\"TIENDA\",\"item\":\"https:\\\/\\\/nutripelletsec.com\\\/inicio\\\/index.php\\\/tienda\\\/\"},{\"@type\":\"ListItem\",\"position\":3,\"name\":\"FORTISTAR\"}]},{\"@type\":\"WebSite\",\"@id\":\"https:\\\/\\\/nutripelletsec.com\\\/inicio\\\/#website\",\"url\":\"https:\\\/\\\/nutripelletsec.com\\\/inicio\\\/\",\"name\":\"nutripellets\",\"description\":\"ALIMENTACION DE CALIDAD\",\"potentialAction\":[{\"@type\":\"SearchAction\",\"target\":{\"@type\":\"EntryPoint\",\"urlTemplate\":\"https:\\\/\\\/nutripelletsec.com\\\/inicio\\\/?s={search_term_string}\"},\"query-input\":{\"@type\":\"PropertyValueSpecification\",\"valueRequired\":true,\"valueName\":\"search_term_string\"}}],\"inLanguage\":\"es\"}]}<\/script>\n<!-- \/ Yoast SEO plugin. -->","yoast_head_json":{"title":"FORTISTAR - nutripellets","robots":{"index":"index","follow":"follow","max-snippet":"max-snippet:-1","max-image-preview":"max-image-preview:large","max-video-preview":"max-video-preview:-1"},"canonical":"https:\/\/nutripelletsec.com\/inicio\/index.php\/producto\/5985\/","og_locale":"es_ES","og_type":"article","og_title":"FORTISTAR - nutripellets","og_description":"Obtienes mayor protecci\u00f3n contra enfermedades y reducci\u00f3n de la mortalidad de los pollos.  Obtienes un mejor crecimiento.  Mejoras la salud intestinal de tus pollos, su f\u00f3rmula est\u00e1 dise\u00f1ada para obtener el m\u00e1ximo aprovechamiento de los nutrientes.  Reduces el estr\u00e9s de tus pollos y la posibilidad de picaje.  Control de coccidia.  Caracter\u00edsticas y beneficios    Obtienes mayor protecci\u00f3n contra enfermedades y reducci\u00f3n de la mortalidad de los pollos.  Obtienes un mejor crecimiento.  Mejoras la salud intestinal de tus pollos, su f\u00f3rmula est\u00e1 dise\u00f1ada para obtener el m\u00e1ximo aprovechamiento de los nutrientes.  Reduces el estr\u00e9s de tus pollos y la posibilidad de picaje.  Control de coccidia.","og_url":"https:\/\/nutripelletsec.com\/inicio\/index.php\/producto\/5985\/","og_site_name":"nutripellets","article_modified_time":"2025-09-21T21:10:56+00:00","og_image":[{"width":500,"height":500,"url":"https:\/\/nutripelletsec.com\/inicio\/wp-content\/uploads\/2025\/09\/FORTIBALANCE-NUTRIESTAR.png","type":"image\/png"}],"twitter_card":"summary_large_image","twitter_misc":{"Tiempo de lectura":"1 minuto"},"schema":{"@context":"https:\/\/schema.org","@graph":[{"@type":"WebPage","@id":"https:\/\/nutripelletsec.com\/inicio\/index.php\/producto\/5985\/","url":"https:\/\/nutripelletsec.com\/inicio\/index.php\/producto\/5985\/","name":"FORTISTAR - nutripellets","isPartOf":{"@id":"https:\/\/nutripelletsec.com\/inicio\/#website"},"primaryImageOfPage":{"@id":"https:\/\/nutripelletsec.com\/inicio\/index.php\/producto\/5985\/#primaryimage"},"image":{"@id":"https:\/\/nutripelletsec.com\/inicio\/index.php\/producto\/5985\/#primaryimage"},"thumbnailUrl":"https:\/\/nutripelletsec.com\/inicio\/wp-content\/uploads\/2025\/09\/FORTIBALANCE-NUTRIESTAR.png","datePublished":"2025-09-21T21:05:30+00:00","dateModified":"2025-09-21T21:10:56+00:00","breadcrumb":{"@id":"https:\/\/nutripelletsec.com\/inicio\/index.php\/producto\/5985\/#breadcrumb"},"inLanguage":"es","potentialAction":[{"@type":"ReadAction","target":["https:\/\/nutripelletsec.com\/inicio\/index.php\/producto\/5985\/"]}]},{"@type":"ImageObject","inLanguage":"es","@id":"https:\/\/nutripelletsec.com\/inicio\/index.php\/producto\/5985\/#primaryimage","url":"https:\/\/nutripelletsec.com\/inicio\/wp-content\/uploads\/2025\/09\/FORTIBALANCE-NUTRIESTAR.png","contentUrl":"https:\/\/nutripelletsec.com\/inicio\/wp-content\/uploads\/2025\/09\/FORTIBALANCE-NUTRIESTAR.png","width":500,"height":500},{"@type":"BreadcrumbList","@id":"https:\/\/nutripelletsec.com\/inicio\/index.php\/producto\/5985\/#breadcrumb","itemListElement":[{"@type":"ListItem","position":1,"name":"Portada","item":"https:\/\/nutripelletsec.com\/inicio\/"},{"@type":"ListItem","position":2,"name":"TIENDA","item":"https:\/\/nutripelletsec.com\/inicio\/index.php\/tienda\/"},{"@type":"ListItem","position":3,"name":"FORTISTAR"}]},{"@type":"WebSite","@id":"https:\/\/nutripelletsec.com\/inicio\/#website","url":"https:\/\/nutripelletsec.com\/inicio\/","name":"nutripellets","description":"ALIMENTACION DE CALIDAD","potentialAction":[{"@type":"SearchAction","target":{"@type":"EntryPoint","urlTemplate":"https:\/\/nutripelletsec.com\/inicio\/?s={search_term_string}"},"query-input":{"@type":"PropertyValueSpecification","valueRequired":true,"valueName":"search_term_string"}}],"inLanguage":"es"}]}},"_links":{"self":[{"href":"https:\/\/nutripelletsec.com\/inicio\/index.php\/wp-json\/wp\/v2\/product\/5985","targetHints":{"allow":["GET"]}}],"collection":[{"href":"https:\/\/nutripelletsec.com\/inicio\/index.php\/wp-json\/wp\/v2\/product"}],"about":[{"href":"https:\/\/nutripelletsec.com\/inicio\/index.php\/wp-json\/wp\/v2\/types\/product"}],"replies":[{"embeddable":true,"href":"https:\/\/nutripelletsec.com\/inicio\/index.php\/wp-json\/wp\/v2\/comments?post=5985"}],"wp:featuredmedia":[{"embeddable":true,"href":"https:\/\/nutripelletsec.com\/inicio\/index.php\/wp-json\/wp\/v2\/media\/5991"}],"wp:attachment":[{"href":"https:\/\/nutripelletsec.com\/inicio\/index.php\/wp-json\/wp\/v2\/media?parent=5985"}],"wp:term":[{"taxonomy":"product_brand","embeddable":true,"href":"https:\/\/nutripelletsec.com\/inicio\/index.php\/wp-json\/wp\/v2\/product_brand?post=5985"},{"taxonomy":"product_cat","embeddable":true,"href":"https:\/\/nutripelletsec.com\/inicio\/index.php\/wp-json\/wp\/v2\/product_cat?post=5985"},{"taxonomy":"product_tag","embeddable":true,"href":"https:\/\/nutripelletsec.com\/inicio\/index.php\/wp-json\/wp\/v2\/product_tag?post=5985"}],"curies":[{"name":"wp","href":"https:\/\/api.w.org\/{rel}","templated":true}]}}