{"id":6231,"date":"2025-10-08T01:17:31","date_gmt":"2025-10-08T01:17:31","guid":{"rendered":"https:\/\/nutripelletsec.com\/inicio\/?post_type=product&#038;p=6231"},"modified":"2025-10-08T01:24:58","modified_gmt":"2025-10-08T01:24:58","slug":"elaboracion-de-recetas-estandar","status":"publish","type":"product","link":"https:\/\/nutripelletsec.com\/inicio\/index.php\/producto\/elaboracion-de-recetas-estandar\/","title":{"rendered":"ELABORACI\u00d3N DE RECETAS ESTANDAR"},"content":{"rendered":"<h3><span dir=\"auto\">\u00bfQu\u00e9 obtiene con nuestro servicio?<\/span><\/h3>\n<p>&nbsp;<\/p>\n<ol start=\"1\">\n<li><b><span dir=\"auto\">Formulaci\u00f3n Cient\u00edficamente Validada:<\/span><\/b><span dir=\"auto\"> Dise\u00f1amos la mezcla exacta de <\/span><b><span dir=\"auto\">15 a 50 ingredientes<\/span><\/b><span dir=\"auto\"> necesarios para cubrir el <\/span><b><span dir=\"auto\">100% de las necesidades nutricionales<\/span><\/b><span dir=\"auto\"> del animal (alimento completo).<\/span><\/li>\n<li><b><span dir=\"auto\">Optimizaci\u00f3n de Costos:<\/span><\/b><span dir=\"auto\"> Utilizamos <\/span><b><span dir=\"auto\">software de optimizaci\u00f3n avanzada<\/span><\/b><span dir=\"auto\"> para seleccionar la combinaci\u00f3n de materias primas m\u00e1s econ\u00f3mica disponible localmente, asegurando un <\/span><b><span dir=\"auto\">m\u00e1ximo rendimiento<\/span><\/b><span dir=\"auto\"> del animal con el <\/span><b><span dir=\"auto\">menor costo de alimentaci\u00f3n<\/span><\/b><span dir=\"auto\"> .<\/span><\/li>\n<li><b><span dir=\"auto\">Fichas T\u00e9cnicas Detalladas:<\/span><\/b><span dir=\"auto\"> Entregamos un documento completo que incluye: la <\/span><b><span dir=\"auto\">composici\u00f3n garantizada<\/span><\/b><span dir=\"auto\"> , la n\u00f3mina completa de <\/span><b><span dir=\"auto\">ingredientes y aditivos<\/span><\/b><span dir=\"auto\"> (antioxidantes, potenciadores de sabor, etc.) y las indicaciones regulatorias clave para el etiquetado.<\/span><\/li>\n<li><b><span dir=\"auto\">Enfoque en Rendimiento y Salud:<\/span><\/b><span dir=\"auto\"> Nuestras recetas est\u00e1n dise\u00f1adas para fines espec\u00edficos, ya sea para maximizar la <\/span><b><span dir=\"auto\">conversi\u00f3n alimenticia<\/span><\/b><span dir=\"auto\"> en animales de producci\u00f3n, apoyar la <\/span><b><span dir=\"auto\">gestaci\u00f3n y el crecimiento<\/span><\/b><span dir=\"auto\"> en etapas tempranas, o mejorar la <\/span><b><span dir=\"auto\">salud general y la longevidad<\/span><\/b><span dir=\"auto\"> en mascotas.<\/span><\/li>\n<li><b><span dir=\"auto\">Adaptabilidad y Flexibilidad:<\/span><\/b><span dir=\"auto\"> Formulamos dietas adaptadas a diversas especies (ganader\u00eda, aves, acuicultura, mascotas) ya la disponibilidad de recursos agr\u00edcolas del cliente.<\/span><\/li>\n<\/ol>\n<p><b><span dir=\"auto\">Garantice la inocuidad alimentaria y la m\u00e1xima rentabilidad de su negocio con f\u00f3rmulas precisas y profesionales.<\/span><\/b><\/p>\n","protected":false},"excerpt":{"rendered":"<p><span dir=\"auto\">Nuestro servicio est\u00e1 dise\u00f1ado para <\/span><b><span dir=\"auto\">productores pecuarios, fabricantes de alimentos para mascotas y emprendedores<\/span><\/b><span dir=\"auto\"> que buscan la m\u00e1xima eficiencia y calidad nutricional en sus productos. Nos especializamos en la <\/span><b><span dir=\"auto\">formulaci\u00f3n cient\u00edfica de dietas balanceadas (piensos o raciones)<\/span><\/b><span dir=\"auto\"> , garantizando que cada receta cumpla con los requerimientos espec\u00edficos de la especie, etapa fisiol\u00f3gica y objetivo de producci\u00f3n, optimizando a su vez los costos.<\/span><\/p>\n<p><span dir=\"auto\">Trabajamos con un equipo de <\/span><b><span dir=\"auto\">Nutri\u00f3logos Veterinarios y Zootecnistas<\/span><\/b><span dir=\"auto\"> para desarrollar f\u00f3rmulas que aseguren el equilibrio preciso de <\/span><b><span dir=\"auto\">macronutrientes<\/span><\/b><span dir=\"auto\"> (prote\u00ednas, carbohidratos, l\u00edpidos) y <\/span><b><span dir=\"auto\">micronutrientes<\/span><\/b><span dir=\"auto\"> (vitaminas y minerales), utilizando ingredientes de alta calidad y funcionales.<\/span><\/p>\n","protected":false},"featured_media":6229,"comment_status":"open","ping_status":"closed","template":"","meta":[],"product_brand":[],"product_cat":[15],"product_tag":[],"class_list":{"0":"post-6231","1":"product","2":"type-product","3":"status-publish","4":"has-post-thumbnail","6":"product_cat-varios","7":"nt-post-class","8":"","17":"first","18":"instock","19":"virtual","20":"purchasable","21":"product-type-simple"},"yoast_head":"<!-- This site is optimized with the Yoast SEO plugin v27.5 - https:\/\/yoast.com\/product\/yoast-seo-wordpress\/ -->\n<title>ELABORACI\u00d3N DE RECETAS ESTANDAR - nutripellets<\/title>\n<meta name=\"robots\" content=\"index, follow, max-snippet:-1, max-image-preview:large, max-video-preview:-1\" \/>\n<link rel=\"canonical\" href=\"https:\/\/nutripelletsec.com\/inicio\/index.php\/producto\/elaboracion-de-recetas-estandar\/\" \/>\n<meta property=\"og:locale\" content=\"es_ES\" \/>\n<meta property=\"og:type\" content=\"article\" \/>\n<meta property=\"og:title\" content=\"ELABORACI\u00d3N DE RECETAS ESTANDAR - nutripellets\" \/>\n<meta property=\"og:description\" content=\"Nuestro servicio est\u00e1 dise\u00f1ado para productores pecuarios, fabricantes de alimentos para mascotas y emprendedores que buscan la m\u00e1xima eficiencia y calidad nutricional en sus productos. Nos especializamos en la formulaci\u00f3n cient\u00edfica de dietas balanceadas (piensos o raciones) , garantizando que cada receta cumpla con los requerimientos espec\u00edficos de la especie, etapa fisiol\u00f3gica y objetivo de producci\u00f3n, optimizando a su vez los costos.  Trabajamos con un equipo de Nutri\u00f3logos Veterinarios y Zootecnistas para desarrollar f\u00f3rmulas que aseguren el equilibrio preciso de macronutrientes (prote\u00ednas, carbohidratos, l\u00edpidos) y micronutrientes (vitaminas y minerales), utilizando ingredientes de alta calidad y funcionales.\" \/>\n<meta property=\"og:url\" content=\"https:\/\/nutripelletsec.com\/inicio\/index.php\/producto\/elaboracion-de-recetas-estandar\/\" \/>\n<meta property=\"og:site_name\" content=\"nutripellets\" \/>\n<meta property=\"article:modified_time\" content=\"2025-10-08T01:24:58+00:00\" \/>\n<meta property=\"og:image\" content=\"https:\/\/nutripelletsec.com\/inicio\/wp-content\/uploads\/2025\/10\/Gemini_Generated_Image_fajbewfajbewfajb-removebg-preview.png\" \/>\n\t<meta property=\"og:image:width\" content=\"500\" \/>\n\t<meta property=\"og:image:height\" content=\"500\" \/>\n\t<meta property=\"og:image:type\" content=\"image\/png\" \/>\n<meta name=\"twitter:card\" content=\"summary_large_image\" \/>\n<meta name=\"twitter:label1\" content=\"Tiempo de lectura\" \/>\n\t<meta name=\"twitter:data1\" content=\"1 minuto\" \/>\n<script type=\"application\/ld+json\" class=\"yoast-schema-graph\">{\"@context\":\"https:\\\/\\\/schema.org\",\"@graph\":[{\"@type\":\"WebPage\",\"@id\":\"https:\\\/\\\/nutripelletsec.com\\\/inicio\\\/index.php\\\/producto\\\/elaboracion-de-recetas-estandar\\\/\",\"url\":\"https:\\\/\\\/nutripelletsec.com\\\/inicio\\\/index.php\\\/producto\\\/elaboracion-de-recetas-estandar\\\/\",\"name\":\"ELABORACI\u00d3N DE RECETAS ESTANDAR - nutripellets\",\"isPartOf\":{\"@id\":\"https:\\\/\\\/nutripelletsec.com\\\/inicio\\\/#website\"},\"primaryImageOfPage\":{\"@id\":\"https:\\\/\\\/nutripelletsec.com\\\/inicio\\\/index.php\\\/producto\\\/elaboracion-de-recetas-estandar\\\/#primaryimage\"},\"image\":{\"@id\":\"https:\\\/\\\/nutripelletsec.com\\\/inicio\\\/index.php\\\/producto\\\/elaboracion-de-recetas-estandar\\\/#primaryimage\"},\"thumbnailUrl\":\"https:\\\/\\\/nutripelletsec.com\\\/inicio\\\/wp-content\\\/uploads\\\/2025\\\/10\\\/Gemini_Generated_Image_fajbewfajbewfajb-removebg-preview.png\",\"datePublished\":\"2025-10-08T01:17:31+00:00\",\"dateModified\":\"2025-10-08T01:24:58+00:00\",\"breadcrumb\":{\"@id\":\"https:\\\/\\\/nutripelletsec.com\\\/inicio\\\/index.php\\\/producto\\\/elaboracion-de-recetas-estandar\\\/#breadcrumb\"},\"inLanguage\":\"es\",\"potentialAction\":[{\"@type\":\"ReadAction\",\"target\":[\"https:\\\/\\\/nutripelletsec.com\\\/inicio\\\/index.php\\\/producto\\\/elaboracion-de-recetas-estandar\\\/\"]}]},{\"@type\":\"ImageObject\",\"inLanguage\":\"es\",\"@id\":\"https:\\\/\\\/nutripelletsec.com\\\/inicio\\\/index.php\\\/producto\\\/elaboracion-de-recetas-estandar\\\/#primaryimage\",\"url\":\"https:\\\/\\\/nutripelletsec.com\\\/inicio\\\/wp-content\\\/uploads\\\/2025\\\/10\\\/Gemini_Generated_Image_fajbewfajbewfajb-removebg-preview.png\",\"contentUrl\":\"https:\\\/\\\/nutripelletsec.com\\\/inicio\\\/wp-content\\\/uploads\\\/2025\\\/10\\\/Gemini_Generated_Image_fajbewfajbewfajb-removebg-preview.png\",\"width\":500,\"height\":500},{\"@type\":\"BreadcrumbList\",\"@id\":\"https:\\\/\\\/nutripelletsec.com\\\/inicio\\\/index.php\\\/producto\\\/elaboracion-de-recetas-estandar\\\/#breadcrumb\",\"itemListElement\":[{\"@type\":\"ListItem\",\"position\":1,\"name\":\"Portada\",\"item\":\"https:\\\/\\\/nutripelletsec.com\\\/inicio\\\/\"},{\"@type\":\"ListItem\",\"position\":2,\"name\":\"TIENDA\",\"item\":\"https:\\\/\\\/nutripelletsec.com\\\/inicio\\\/index.php\\\/tienda\\\/\"},{\"@type\":\"ListItem\",\"position\":3,\"name\":\"ELABORACI\u00d3N DE RECETAS ESTANDAR\"}]},{\"@type\":\"WebSite\",\"@id\":\"https:\\\/\\\/nutripelletsec.com\\\/inicio\\\/#website\",\"url\":\"https:\\\/\\\/nutripelletsec.com\\\/inicio\\\/\",\"name\":\"nutripellets\",\"description\":\"ALIMENTACION DE CALIDAD\",\"potentialAction\":[{\"@type\":\"SearchAction\",\"target\":{\"@type\":\"EntryPoint\",\"urlTemplate\":\"https:\\\/\\\/nutripelletsec.com\\\/inicio\\\/?s={search_term_string}\"},\"query-input\":{\"@type\":\"PropertyValueSpecification\",\"valueRequired\":true,\"valueName\":\"search_term_string\"}}],\"inLanguage\":\"es\"}]}<\/script>\n<!-- \/ Yoast SEO plugin. -->","yoast_head_json":{"title":"ELABORACI\u00d3N DE RECETAS ESTANDAR - nutripellets","robots":{"index":"index","follow":"follow","max-snippet":"max-snippet:-1","max-image-preview":"max-image-preview:large","max-video-preview":"max-video-preview:-1"},"canonical":"https:\/\/nutripelletsec.com\/inicio\/index.php\/producto\/elaboracion-de-recetas-estandar\/","og_locale":"es_ES","og_type":"article","og_title":"ELABORACI\u00d3N DE RECETAS ESTANDAR - nutripellets","og_description":"Nuestro servicio est\u00e1 dise\u00f1ado para productores pecuarios, fabricantes de alimentos para mascotas y emprendedores que buscan la m\u00e1xima eficiencia y calidad nutricional en sus productos. Nos especializamos en la formulaci\u00f3n cient\u00edfica de dietas balanceadas (piensos o raciones) , garantizando que cada receta cumpla con los requerimientos espec\u00edficos de la especie, etapa fisiol\u00f3gica y objetivo de producci\u00f3n, optimizando a su vez los costos.  Trabajamos con un equipo de Nutri\u00f3logos Veterinarios y Zootecnistas para desarrollar f\u00f3rmulas que aseguren el equilibrio preciso de macronutrientes (prote\u00ednas, carbohidratos, l\u00edpidos) y micronutrientes (vitaminas y minerales), utilizando ingredientes de alta calidad y funcionales.","og_url":"https:\/\/nutripelletsec.com\/inicio\/index.php\/producto\/elaboracion-de-recetas-estandar\/","og_site_name":"nutripellets","article_modified_time":"2025-10-08T01:24:58+00:00","og_image":[{"width":500,"height":500,"url":"https:\/\/nutripelletsec.com\/inicio\/wp-content\/uploads\/2025\/10\/Gemini_Generated_Image_fajbewfajbewfajb-removebg-preview.png","type":"image\/png"}],"twitter_card":"summary_large_image","twitter_misc":{"Tiempo de lectura":"1 minuto"},"schema":{"@context":"https:\/\/schema.org","@graph":[{"@type":"WebPage","@id":"https:\/\/nutripelletsec.com\/inicio\/index.php\/producto\/elaboracion-de-recetas-estandar\/","url":"https:\/\/nutripelletsec.com\/inicio\/index.php\/producto\/elaboracion-de-recetas-estandar\/","name":"ELABORACI\u00d3N DE RECETAS ESTANDAR - nutripellets","isPartOf":{"@id":"https:\/\/nutripelletsec.com\/inicio\/#website"},"primaryImageOfPage":{"@id":"https:\/\/nutripelletsec.com\/inicio\/index.php\/producto\/elaboracion-de-recetas-estandar\/#primaryimage"},"image":{"@id":"https:\/\/nutripelletsec.com\/inicio\/index.php\/producto\/elaboracion-de-recetas-estandar\/#primaryimage"},"thumbnailUrl":"https:\/\/nutripelletsec.com\/inicio\/wp-content\/uploads\/2025\/10\/Gemini_Generated_Image_fajbewfajbewfajb-removebg-preview.png","datePublished":"2025-10-08T01:17:31+00:00","dateModified":"2025-10-08T01:24:58+00:00","breadcrumb":{"@id":"https:\/\/nutripelletsec.com\/inicio\/index.php\/producto\/elaboracion-de-recetas-estandar\/#breadcrumb"},"inLanguage":"es","potentialAction":[{"@type":"ReadAction","target":["https:\/\/nutripelletsec.com\/inicio\/index.php\/producto\/elaboracion-de-recetas-estandar\/"]}]},{"@type":"ImageObject","inLanguage":"es","@id":"https:\/\/nutripelletsec.com\/inicio\/index.php\/producto\/elaboracion-de-recetas-estandar\/#primaryimage","url":"https:\/\/nutripelletsec.com\/inicio\/wp-content\/uploads\/2025\/10\/Gemini_Generated_Image_fajbewfajbewfajb-removebg-preview.png","contentUrl":"https:\/\/nutripelletsec.com\/inicio\/wp-content\/uploads\/2025\/10\/Gemini_Generated_Image_fajbewfajbewfajb-removebg-preview.png","width":500,"height":500},{"@type":"BreadcrumbList","@id":"https:\/\/nutripelletsec.com\/inicio\/index.php\/producto\/elaboracion-de-recetas-estandar\/#breadcrumb","itemListElement":[{"@type":"ListItem","position":1,"name":"Portada","item":"https:\/\/nutripelletsec.com\/inicio\/"},{"@type":"ListItem","position":2,"name":"TIENDA","item":"https:\/\/nutripelletsec.com\/inicio\/index.php\/tienda\/"},{"@type":"ListItem","position":3,"name":"ELABORACI\u00d3N DE RECETAS ESTANDAR"}]},{"@type":"WebSite","@id":"https:\/\/nutripelletsec.com\/inicio\/#website","url":"https:\/\/nutripelletsec.com\/inicio\/","name":"nutripellets","description":"ALIMENTACION DE CALIDAD","potentialAction":[{"@type":"SearchAction","target":{"@type":"EntryPoint","urlTemplate":"https:\/\/nutripelletsec.com\/inicio\/?s={search_term_string}"},"query-input":{"@type":"PropertyValueSpecification","valueRequired":true,"valueName":"search_term_string"}}],"inLanguage":"es"}]}},"_links":{"self":[{"href":"https:\/\/nutripelletsec.com\/inicio\/index.php\/wp-json\/wp\/v2\/product\/6231","targetHints":{"allow":["GET"]}}],"collection":[{"href":"https:\/\/nutripelletsec.com\/inicio\/index.php\/wp-json\/wp\/v2\/product"}],"about":[{"href":"https:\/\/nutripelletsec.com\/inicio\/index.php\/wp-json\/wp\/v2\/types\/product"}],"replies":[{"embeddable":true,"href":"https:\/\/nutripelletsec.com\/inicio\/index.php\/wp-json\/wp\/v2\/comments?post=6231"}],"wp:featuredmedia":[{"embeddable":true,"href":"https:\/\/nutripelletsec.com\/inicio\/index.php\/wp-json\/wp\/v2\/media\/6229"}],"wp:attachment":[{"href":"https:\/\/nutripelletsec.com\/inicio\/index.php\/wp-json\/wp\/v2\/media?parent=6231"}],"wp:term":[{"taxonomy":"product_brand","embeddable":true,"href":"https:\/\/nutripelletsec.com\/inicio\/index.php\/wp-json\/wp\/v2\/product_brand?post=6231"},{"taxonomy":"product_cat","embeddable":true,"href":"https:\/\/nutripelletsec.com\/inicio\/index.php\/wp-json\/wp\/v2\/product_cat?post=6231"},{"taxonomy":"product_tag","embeddable":true,"href":"https:\/\/nutripelletsec.com\/inicio\/index.php\/wp-json\/wp\/v2\/product_tag?post=6231"}],"curies":[{"name":"wp","href":"https:\/\/api.w.org\/{rel}","templated":true}]}}