{"id":6290,"date":"2025-10-09T04:08:55","date_gmt":"2025-10-09T04:08:55","guid":{"rendered":"https:\/\/nutripelletsec.com\/inicio\/?post_type=product&#038;p=6290"},"modified":"2025-10-09T04:19:59","modified_gmt":"2025-10-09T04:19:59","slug":"nutriovino-crecimiento","status":"publish","type":"product","link":"https:\/\/nutripelletsec.com\/inicio\/index.php\/producto\/nutriovino-crecimiento\/","title":{"rendered":"NUTRIOVINO CRECIMIENTO"},"content":{"rendered":"","protected":false},"excerpt":{"rendered":"<h2>\ud83d\udcc8 NUTRIOVINO CRECIMIENTO: El Impulso que sus Borregos Necesitan<\/h2>\n<p>&nbsp;<\/p>\n<p><b>NUTRIOVINO CRECIMIENTO<\/b> es la fase evolutiva de nuestro alimento Super Premium, dise\u00f1ado para maximizar el potencial de desarrollo de sus borregos, especialmente la raza Dorper, durante su etapa crucial de crecimiento.<\/p>\n<p>Este balanceado no solo mantiene la calidad, sino que optimiza la f\u00f3rmula para:<\/p>\n<ul>\n<li><b>Desarrollo Muscular y Estructural Acelerado:<\/b> Con un balance de prote\u00ednas y energ\u00eda ajustado para esta fase, garantiza el <b>crecimiento robusto<\/b> de la masa muscular magra y la <b>solidez \u00f3sea<\/b>, preparando a sus animales para la productividad o la exposici\u00f3n.<\/li>\n<li><b>Conversi\u00f3n Alimenticia Eficiente:<\/b> Cada pellet est\u00e1 optimizado para que sus borregos aprovechen al m\u00e1ximo los nutrientes, lo que se traduce en un <b>crecimiento m\u00e1s r\u00e1pido con menos alimento<\/b>.<\/li>\n<li><b>Salud Digestiva Continua con Probi\u00f3ticos:<\/b> Seguimos incluyendo <b>Lactobacillus<\/b> para asegurar que el sistema digestivo de sus animales permanezca fuerte, absorba todos los beneficios de la dieta y <b>mantenga a raya los problemas intestinales<\/b> durante el estr\u00e9s del crecimiento.<\/li>\n<\/ul>\n<p><b>NUTRIOVINO CRECIMIENTO<\/b> es la clave para transformar sus corderos en borregos adultos sanos, fuertes y con el peso ideal.<\/p>\n","protected":false},"featured_media":6285,"comment_status":"open","ping_status":"closed","template":"","meta":[],"product_brand":[],"product_cat":[91],"product_tag":[],"class_list":{"0":"post-6290","1":"product","2":"type-product","3":"status-publish","4":"has-post-thumbnail","6":"product_cat-nutriovino","7":"nt-post-class","8":"","17":"first","18":"instock","19":"shipping-taxable","20":"purchasable","21":"product-type-variable"},"yoast_head":"<!-- This site is optimized with the Yoast SEO plugin v27.5 - https:\/\/yoast.com\/product\/yoast-seo-wordpress\/ -->\n<title>NUTRIOVINO CRECIMIENTO - nutripellets<\/title>\n<meta name=\"robots\" content=\"index, follow, max-snippet:-1, max-image-preview:large, max-video-preview:-1\" \/>\n<link rel=\"canonical\" href=\"https:\/\/nutripelletsec.com\/inicio\/index.php\/producto\/nutriovino-crecimiento\/\" \/>\n<meta property=\"og:locale\" content=\"es_ES\" \/>\n<meta property=\"og:type\" content=\"article\" \/>\n<meta property=\"og:title\" content=\"NUTRIOVINO CRECIMIENTO - nutripellets\" \/>\n<meta property=\"og:description\" content=\"\ud83d\udcc8 NUTRIOVINO CRECIMIENTO: El Impulso que sus Borregos Necesitan &nbsp;  NUTRIOVINO CRECIMIENTO es la fase evolutiva de nuestro alimento Super Premium, dise\u00f1ado para maximizar el potencial de desarrollo de sus borregos, especialmente la raza Dorper, durante su etapa crucial de crecimiento.  Este balanceado no solo mantiene la calidad, sino que optimiza la f\u00f3rmula para:   Desarrollo Muscular y Estructural Acelerado: Con un balance de prote\u00ednas y energ\u00eda ajustado para esta fase, garantiza el crecimiento robusto de la masa muscular magra y la solidez \u00f3sea, preparando a sus animales para la productividad o la exposici\u00f3n.  Conversi\u00f3n Alimenticia Eficiente: Cada pellet est\u00e1 optimizado para que sus borregos aprovechen al m\u00e1ximo los nutrientes, lo que se traduce en un crecimiento m\u00e1s r\u00e1pido con menos alimento.  Salud Digestiva Continua con Probi\u00f3ticos: Seguimos incluyendo Lactobacillus para asegurar que el sistema digestivo de sus animales permanezca fuerte, absorba todos los beneficios de la dieta y mantenga a raya los problemas intestinales durante el estr\u00e9s del crecimiento.  NUTRIOVINO CRECIMIENTO es la clave para transformar sus corderos en borregos adultos sanos, fuertes y con el peso ideal.\" \/>\n<meta property=\"og:url\" content=\"https:\/\/nutripelletsec.com\/inicio\/index.php\/producto\/nutriovino-crecimiento\/\" \/>\n<meta property=\"og:site_name\" content=\"nutripellets\" \/>\n<meta property=\"article:modified_time\" content=\"2025-10-09T04:19:59+00:00\" \/>\n<meta property=\"og:image\" content=\"https:\/\/nutripelletsec.com\/inicio\/wp-content\/uploads\/2025\/10\/NUTRIOVINO-CRECIMIENTO.png\" \/>\n\t<meta property=\"og:image:width\" content=\"500\" \/>\n\t<meta property=\"og:image:height\" content=\"500\" \/>\n\t<meta property=\"og:image:type\" content=\"image\/png\" \/>\n<meta name=\"twitter:card\" content=\"summary_large_image\" \/>\n<meta name=\"twitter:label1\" content=\"Tiempo de lectura\" \/>\n\t<meta name=\"twitter:data1\" content=\"1 minuto\" \/>\n<script type=\"application\/ld+json\" class=\"yoast-schema-graph\">{\"@context\":\"https:\\\/\\\/schema.org\",\"@graph\":[{\"@type\":\"WebPage\",\"@id\":\"https:\\\/\\\/nutripelletsec.com\\\/inicio\\\/index.php\\\/producto\\\/nutriovino-crecimiento\\\/\",\"url\":\"https:\\\/\\\/nutripelletsec.com\\\/inicio\\\/index.php\\\/producto\\\/nutriovino-crecimiento\\\/\",\"name\":\"NUTRIOVINO CRECIMIENTO - nutripellets\",\"isPartOf\":{\"@id\":\"https:\\\/\\\/nutripelletsec.com\\\/inicio\\\/#website\"},\"primaryImageOfPage\":{\"@id\":\"https:\\\/\\\/nutripelletsec.com\\\/inicio\\\/index.php\\\/producto\\\/nutriovino-crecimiento\\\/#primaryimage\"},\"image\":{\"@id\":\"https:\\\/\\\/nutripelletsec.com\\\/inicio\\\/index.php\\\/producto\\\/nutriovino-crecimiento\\\/#primaryimage\"},\"thumbnailUrl\":\"https:\\\/\\\/nutripelletsec.com\\\/inicio\\\/wp-content\\\/uploads\\\/2025\\\/10\\\/NUTRIOVINO-CRECIMIENTO.png\",\"datePublished\":\"2025-10-09T04:08:55+00:00\",\"dateModified\":\"2025-10-09T04:19:59+00:00\",\"breadcrumb\":{\"@id\":\"https:\\\/\\\/nutripelletsec.com\\\/inicio\\\/index.php\\\/producto\\\/nutriovino-crecimiento\\\/#breadcrumb\"},\"inLanguage\":\"es\",\"potentialAction\":[{\"@type\":\"ReadAction\",\"target\":[\"https:\\\/\\\/nutripelletsec.com\\\/inicio\\\/index.php\\\/producto\\\/nutriovino-crecimiento\\\/\"]}]},{\"@type\":\"ImageObject\",\"inLanguage\":\"es\",\"@id\":\"https:\\\/\\\/nutripelletsec.com\\\/inicio\\\/index.php\\\/producto\\\/nutriovino-crecimiento\\\/#primaryimage\",\"url\":\"https:\\\/\\\/nutripelletsec.com\\\/inicio\\\/wp-content\\\/uploads\\\/2025\\\/10\\\/NUTRIOVINO-CRECIMIENTO.png\",\"contentUrl\":\"https:\\\/\\\/nutripelletsec.com\\\/inicio\\\/wp-content\\\/uploads\\\/2025\\\/10\\\/NUTRIOVINO-CRECIMIENTO.png\",\"width\":500,\"height\":500},{\"@type\":\"BreadcrumbList\",\"@id\":\"https:\\\/\\\/nutripelletsec.com\\\/inicio\\\/index.php\\\/producto\\\/nutriovino-crecimiento\\\/#breadcrumb\",\"itemListElement\":[{\"@type\":\"ListItem\",\"position\":1,\"name\":\"Portada\",\"item\":\"https:\\\/\\\/nutripelletsec.com\\\/inicio\\\/\"},{\"@type\":\"ListItem\",\"position\":2,\"name\":\"TIENDA\",\"item\":\"https:\\\/\\\/nutripelletsec.com\\\/inicio\\\/index.php\\\/tienda\\\/\"},{\"@type\":\"ListItem\",\"position\":3,\"name\":\"NUTRIOVINO CRECIMIENTO\"}]},{\"@type\":\"WebSite\",\"@id\":\"https:\\\/\\\/nutripelletsec.com\\\/inicio\\\/#website\",\"url\":\"https:\\\/\\\/nutripelletsec.com\\\/inicio\\\/\",\"name\":\"nutripellets\",\"description\":\"ALIMENTACION DE CALIDAD\",\"potentialAction\":[{\"@type\":\"SearchAction\",\"target\":{\"@type\":\"EntryPoint\",\"urlTemplate\":\"https:\\\/\\\/nutripelletsec.com\\\/inicio\\\/?s={search_term_string}\"},\"query-input\":{\"@type\":\"PropertyValueSpecification\",\"valueRequired\":true,\"valueName\":\"search_term_string\"}}],\"inLanguage\":\"es\"}]}<\/script>\n<!-- \/ Yoast SEO plugin. -->","yoast_head_json":{"title":"NUTRIOVINO CRECIMIENTO - nutripellets","robots":{"index":"index","follow":"follow","max-snippet":"max-snippet:-1","max-image-preview":"max-image-preview:large","max-video-preview":"max-video-preview:-1"},"canonical":"https:\/\/nutripelletsec.com\/inicio\/index.php\/producto\/nutriovino-crecimiento\/","og_locale":"es_ES","og_type":"article","og_title":"NUTRIOVINO CRECIMIENTO - nutripellets","og_description":"\ud83d\udcc8 NUTRIOVINO CRECIMIENTO: El Impulso que sus Borregos Necesitan &nbsp;  NUTRIOVINO CRECIMIENTO es la fase evolutiva de nuestro alimento Super Premium, dise\u00f1ado para maximizar el potencial de desarrollo de sus borregos, especialmente la raza Dorper, durante su etapa crucial de crecimiento.  Este balanceado no solo mantiene la calidad, sino que optimiza la f\u00f3rmula para:   Desarrollo Muscular y Estructural Acelerado: Con un balance de prote\u00ednas y energ\u00eda ajustado para esta fase, garantiza el crecimiento robusto de la masa muscular magra y la solidez \u00f3sea, preparando a sus animales para la productividad o la exposici\u00f3n.  Conversi\u00f3n Alimenticia Eficiente: Cada pellet est\u00e1 optimizado para que sus borregos aprovechen al m\u00e1ximo los nutrientes, lo que se traduce en un crecimiento m\u00e1s r\u00e1pido con menos alimento.  Salud Digestiva Continua con Probi\u00f3ticos: Seguimos incluyendo Lactobacillus para asegurar que el sistema digestivo de sus animales permanezca fuerte, absorba todos los beneficios de la dieta y mantenga a raya los problemas intestinales durante el estr\u00e9s del crecimiento.  NUTRIOVINO CRECIMIENTO es la clave para transformar sus corderos en borregos adultos sanos, fuertes y con el peso ideal.","og_url":"https:\/\/nutripelletsec.com\/inicio\/index.php\/producto\/nutriovino-crecimiento\/","og_site_name":"nutripellets","article_modified_time":"2025-10-09T04:19:59+00:00","og_image":[{"width":500,"height":500,"url":"https:\/\/nutripelletsec.com\/inicio\/wp-content\/uploads\/2025\/10\/NUTRIOVINO-CRECIMIENTO.png","type":"image\/png"}],"twitter_card":"summary_large_image","twitter_misc":{"Tiempo de lectura":"1 minuto"},"schema":{"@context":"https:\/\/schema.org","@graph":[{"@type":"WebPage","@id":"https:\/\/nutripelletsec.com\/inicio\/index.php\/producto\/nutriovino-crecimiento\/","url":"https:\/\/nutripelletsec.com\/inicio\/index.php\/producto\/nutriovino-crecimiento\/","name":"NUTRIOVINO CRECIMIENTO - nutripellets","isPartOf":{"@id":"https:\/\/nutripelletsec.com\/inicio\/#website"},"primaryImageOfPage":{"@id":"https:\/\/nutripelletsec.com\/inicio\/index.php\/producto\/nutriovino-crecimiento\/#primaryimage"},"image":{"@id":"https:\/\/nutripelletsec.com\/inicio\/index.php\/producto\/nutriovino-crecimiento\/#primaryimage"},"thumbnailUrl":"https:\/\/nutripelletsec.com\/inicio\/wp-content\/uploads\/2025\/10\/NUTRIOVINO-CRECIMIENTO.png","datePublished":"2025-10-09T04:08:55+00:00","dateModified":"2025-10-09T04:19:59+00:00","breadcrumb":{"@id":"https:\/\/nutripelletsec.com\/inicio\/index.php\/producto\/nutriovino-crecimiento\/#breadcrumb"},"inLanguage":"es","potentialAction":[{"@type":"ReadAction","target":["https:\/\/nutripelletsec.com\/inicio\/index.php\/producto\/nutriovino-crecimiento\/"]}]},{"@type":"ImageObject","inLanguage":"es","@id":"https:\/\/nutripelletsec.com\/inicio\/index.php\/producto\/nutriovino-crecimiento\/#primaryimage","url":"https:\/\/nutripelletsec.com\/inicio\/wp-content\/uploads\/2025\/10\/NUTRIOVINO-CRECIMIENTO.png","contentUrl":"https:\/\/nutripelletsec.com\/inicio\/wp-content\/uploads\/2025\/10\/NUTRIOVINO-CRECIMIENTO.png","width":500,"height":500},{"@type":"BreadcrumbList","@id":"https:\/\/nutripelletsec.com\/inicio\/index.php\/producto\/nutriovino-crecimiento\/#breadcrumb","itemListElement":[{"@type":"ListItem","position":1,"name":"Portada","item":"https:\/\/nutripelletsec.com\/inicio\/"},{"@type":"ListItem","position":2,"name":"TIENDA","item":"https:\/\/nutripelletsec.com\/inicio\/index.php\/tienda\/"},{"@type":"ListItem","position":3,"name":"NUTRIOVINO CRECIMIENTO"}]},{"@type":"WebSite","@id":"https:\/\/nutripelletsec.com\/inicio\/#website","url":"https:\/\/nutripelletsec.com\/inicio\/","name":"nutripellets","description":"ALIMENTACION DE CALIDAD","potentialAction":[{"@type":"SearchAction","target":{"@type":"EntryPoint","urlTemplate":"https:\/\/nutripelletsec.com\/inicio\/?s={search_term_string}"},"query-input":{"@type":"PropertyValueSpecification","valueRequired":true,"valueName":"search_term_string"}}],"inLanguage":"es"}]}},"_links":{"self":[{"href":"https:\/\/nutripelletsec.com\/inicio\/index.php\/wp-json\/wp\/v2\/product\/6290","targetHints":{"allow":["GET"]}}],"collection":[{"href":"https:\/\/nutripelletsec.com\/inicio\/index.php\/wp-json\/wp\/v2\/product"}],"about":[{"href":"https:\/\/nutripelletsec.com\/inicio\/index.php\/wp-json\/wp\/v2\/types\/product"}],"replies":[{"embeddable":true,"href":"https:\/\/nutripelletsec.com\/inicio\/index.php\/wp-json\/wp\/v2\/comments?post=6290"}],"wp:featuredmedia":[{"embeddable":true,"href":"https:\/\/nutripelletsec.com\/inicio\/index.php\/wp-json\/wp\/v2\/media\/6285"}],"wp:attachment":[{"href":"https:\/\/nutripelletsec.com\/inicio\/index.php\/wp-json\/wp\/v2\/media?parent=6290"}],"wp:term":[{"taxonomy":"product_brand","embeddable":true,"href":"https:\/\/nutripelletsec.com\/inicio\/index.php\/wp-json\/wp\/v2\/product_brand?post=6290"},{"taxonomy":"product_cat","embeddable":true,"href":"https:\/\/nutripelletsec.com\/inicio\/index.php\/wp-json\/wp\/v2\/product_cat?post=6290"},{"taxonomy":"product_tag","embeddable":true,"href":"https:\/\/nutripelletsec.com\/inicio\/index.php\/wp-json\/wp\/v2\/product_tag?post=6290"}],"curies":[{"name":"wp","href":"https:\/\/api.w.org\/{rel}","templated":true}]}}